[INFO] fetching crate async 0.0.2...
[INFO] checking async-0.0.2 against try#72f88fc4e9458f89516a0b8b0868f3718aec5b47 for pr-74989
[INFO] extracting crate async 0.0.2 into /workspace/builds/worker-5/source
[INFO] validating manifest of crates.io crate async 0.0.2 on toolchain 72f88fc4e9458f89516a0b8b0868f3718aec5b47
[INFO] running `Command { std: "/workspace/cargo-home/bin/cargo" "+72f88fc4e9458f89516a0b8b0868f3718aec5b47" "read-manifest" "--manifest-path" "Cargo.toml", kill_on_drop: false }`
[INFO] started tweaking crates.io crate async 0.0.2
[INFO] finished tweaking crates.io crate async 0.0.2
[INFO] tweaked toml for crates.io crate async 0.0.2 written to /workspace/builds/worker-5/source/Cargo.toml
[INFO] running `Command { std: "/workspace/cargo-home/bin/cargo" "+72f88fc4e9458f89516a0b8b0868f3718aec5b47" "generate-lockfile" "--manifest-path" "Cargo.toml" "-Zno-index-update", kill_on_drop: false }`
[INFO] running `Command { std: "/workspace/cargo-home/bin/cargo" "+72f88fc4e9458f89516a0b8b0868f3718aec5b47" "fetch" "--locked" "--manifest-path" "Cargo.toml", kill_on_drop: false }`
[INFO] running `Command { std: "docker" "create" "-v" "/var/lib/crater-agent-workspace/builds/worker-5/target:/opt/rustwide/target:rw,Z" "-v" "/var/lib/crater-agent-workspace/builds/worker-5/source:/opt/rustwide/workdir:ro,Z" "-v" "/var/lib/crater-agent-workspace/cargo-home:/opt/rustwide/cargo-home:ro,Z" "-v" "/var/lib/crater-agent-workspace/rustup-home:/opt/rustwide/rustup-home:ro,Z" "-e" "SOURCE_DIR=/opt/rustwide/workdir" "-e" "CARGO_TARGET_DIR=/opt/rustwide/target" "-e" "CARGO_HOME=/opt/rustwide/cargo-home" "-e" "RUSTUP_HOME=/opt/rustwide/rustup-home" "-w" "/opt/rustwide/workdir" "-m" "1610612736" "--user" "0:0" "--network" "none" "rustops/crates-build-env@sha256:d92eaeed33fa75130ca1ee6c8a01d1ffb62bac859dfdfb3450e3e5d1c0146529" "/opt/rustwide/cargo-home/bin/cargo" "+72f88fc4e9458f89516a0b8b0868f3718aec5b47" "metadata" "--no-deps" "--format-version=1", kill_on_drop: false }`
[INFO] [stdout] ec291bddfd66ba5097adb726723d2a5fc1d6d098405a3d0303a014def7067f0a
[INFO] [stderr] WARNING: Your kernel does not support swap limit capabilities or the cgroup is not mounted. Memory limited without swap.
[INFO] running `Command { std: "docker" "start" "-a" "ec291bddfd66ba5097adb726723d2a5fc1d6d098405a3d0303a014def7067f0a", kill_on_drop: false }`
[INFO] running `Command { std: "docker" "inspect" "ec291bddfd66ba5097adb726723d2a5fc1d6d098405a3d0303a014def7067f0a", kill_on_drop: false }`
[INFO] running `Command { std: "docker" "rm" "-f" "ec291bddfd66ba5097adb726723d2a5fc1d6d098405a3d0303a014def7067f0a", kill_on_drop: false }`
[INFO] [stdout] ec291bddfd66ba5097adb726723d2a5fc1d6d098405a3d0303a014def7067f0a
[INFO] running `Command { std: "docker" "create" "-v" "/var/lib/crater-agent-workspace/builds/worker-5/target:/opt/rustwide/target:rw,Z" "-v" "/var/lib/crater-agent-workspace/builds/worker-5/source:/opt/rustwide/workdir:ro,Z" "-v" "/var/lib/crater-agent-workspace/cargo-home:/opt/rustwide/cargo-home:ro,Z" "-v" "/var/lib/crater-agent-workspace/rustup-home:/opt/rustwide/rustup-home:ro,Z" "-e" "SOURCE_DIR=/opt/rustwide/workdir" "-e" "CARGO_TARGET_DIR=/opt/rustwide/target" "-e" "CARGO_INCREMENTAL=0" "-e" "RUST_BACKTRACE=full" "-e" "RUSTFLAGS=--cap-lints=forbid" "-e" "CARGO_HOME=/opt/rustwide/cargo-home" "-e" "RUSTUP_HOME=/opt/rustwide/rustup-home" "-w" "/opt/rustwide/workdir" "-m" "1610612736" "--user" "0:0" "--network" "none" "rustops/crates-build-env@sha256:d92eaeed33fa75130ca1ee6c8a01d1ffb62bac859dfdfb3450e3e5d1c0146529" "/opt/rustwide/cargo-home/bin/cargo" "+72f88fc4e9458f89516a0b8b0868f3718aec5b47" "check" "--frozen" "--all" "--all-targets" "--message-format=json", kill_on_drop: false }`
[INFO] [stderr] WARNING: Your kernel does not support swap limit capabilities or the cgroup is not mounted. Memory limited without swap.
[INFO] [stdout] 6460f5bb154425d47bf27b29b879081090e42d5798959a6eb18098029aa7e9c2
[INFO] running `Command { std: "docker" "start" "-a" "6460f5bb154425d47bf27b29b879081090e42d5798959a6eb18098029aa7e9c2", kill_on_drop: false }`
[INFO] [stderr]     Checking async v0.0.2 (/opt/rustwide/workdir)
[INFO] [stdout] error[E0658]: non-builtin inner attributes are unstable
[INFO] [stdout]  --> src/lib.rs:1:1
[INFO] [stdout]   |
[INFO] [stdout] 1 | #![license = "MIT"]
[INFO] [stdout]   | ^^^^^^^^^^^^^^^^^^^
[INFO] [stdout]   |
[INFO] [stdout]   = note: see issue #54726 <https://github.com/rust-lang/rust/issues/54726> for more information
[INFO] [stdout]   = help: add `#![feature(custom_inner_attributes)]` to the crate attributes to enable
[INFO] [stdout] 
[INFO] [stdout] 
[INFO] [stdout] error[E0658]: non-builtin inner attributes are unstable
[INFO] [stdout]  --> src/lib.rs:1:1
[INFO] [stdout]   |
[INFO] [stdout] 1 | #![license = "MIT"]
[INFO] [stdout]   | ^^^^^^^^^^^^^^^^^^^
[INFO] [stdout]   |
[INFO] [stdout]   = note: see issue #54726 <https://github.com/rust-lang/rust/issues/54726> for more information
[INFO] [stdout]   = help: add `#![feature(custom_inner_attributes)]` to the crate attributes to enable
[INFO] [stdout] 
[INFO] [stdout] 
[INFO] [stdout] error: cannot find attribute `license` in this scope
[INFO] [stdout]  --> src/lib.rs:1:4
[INFO] [stdout]   |
[INFO] [stdout] 1 | #![license = "MIT"]
[INFO] [stdout]   |    ^^^^^^^
[INFO] [stdout] 
[INFO] [stdout] 
[INFO] [stdout] error: cannot find attribute `license` in this scope
[INFO] [stdout]  --> src/lib.rs:1:4
[INFO] [stdout]   |
[INFO] [stdout] 1 | #![license = "MIT"]
[INFO] [stdout]   |    ^^^^^^^
[INFO] [stdout] 
[INFO] [stdout] 
[INFO] [stdout] error[E0658]: use of unstable library feature 'fn_traits'
[INFO] [stdout]   --> src/lib.rs:16:14
[INFO] [stdout]    |
[INFO] [stdout] 16 |         self.call_once((val,))
[INFO] [stdout]    |              ^^^^^^^^^
[INFO] [stdout]    |
[INFO] [stdout]    = note: see issue #29625 <https://github.com/rust-lang/rust/issues/29625> for more information
[INFO] [stdout]    = help: add `#![feature(fn_traits)]` to the crate attributes to enable
[INFO] [stdout] 
[INFO] [stdout] 
[INFO] [stdout] error[E0658]: use of unstable library feature 'fn_traits'
[INFO] [stdout]   --> src/lib.rs:16:14
[INFO] [stdout]    |
[INFO] [stdout] 16 |         self.call_once((val,))
[INFO] [stdout]    |              ^^^^^^^^^
[INFO] [stdout]    |
[INFO] [stdout]    = note: see issue #29625 <https://github.com/rust-lang/rust/issues/29625> for more information
[INFO] [stdout]    = help: add `#![feature(fn_traits)]` to the crate attributes to enable
[INFO] [stdout] 
[INFO] [stdout] 
[INFO] [stdout] error: aborting due to 3 previous errors
[INFO] [stdout] 
[INFO] [stdout] 
[INFO] [stdout] error: aborting due to 3 previous errors
[INFO] [stdout] 
[INFO] [stdout] 
[INFO] [stdout] For more information about this error, try `rustc --explain E0658`.
[INFO] [stdout] 
[INFO] [stdout] For more information about this error, try `rustc --explain E0658`.
[INFO] [stdout] 
[INFO] [stderr] error: could not compile `async`.
[INFO] [stderr] 
[INFO] [stderr] To learn more, run the command again with --verbose.
[INFO] [stderr] warning: build failed, waiting for other jobs to finish...
[INFO] [stderr] error: build failed
[INFO] running `Command { std: "docker" "inspect" "6460f5bb154425d47bf27b29b879081090e42d5798959a6eb18098029aa7e9c2", kill_on_drop: false }`
[INFO] running `Command { std: "docker" "rm" "-f" "6460f5bb154425d47bf27b29b879081090e42d5798959a6eb18098029aa7e9c2", kill_on_drop: false }`
[INFO] [stdout] 6460f5bb154425d47bf27b29b879081090e42d5798959a6eb18098029aa7e9c2
